f r and u.
30
Suppose 24*n = -3*n + 1944. What is the highest common divisor of 24 and n?
24
Suppose 4*z = v + 2513, 626 = z - 0*v + 2*v. Suppose 2*r + 2*r - 4*n = z, 3*r = 5*n + 475. Let a = r - 111. What is the highest common divisor of 4 and a?
4
Let z be 6*(9/6 + 6 + -8). Let h = z - -52. Calculate the greatest common divisor of 7 and h.
7
Suppose 546*t - 538*t - 2112 = 0. What is the highest common factor of 198 and t?
66
Let l(q) = q + 47. Let m be l(-35). Calculate the highest common divisor of m and 24.
12
Let l = 57 + -36. Suppose -2 = -5*k - 2*f + 12, 5*f = 3*k - 27. Let v be (k - 7) + 2 - -22. Calculate the greatest common divisor of l and v.
21
Let o(m) be the third derivative of m**5/60 - 3*m**4/4 - 13*m**3/3 - 9*m**2. Let k be o(20). What is the highest common divisor of k and 2?
2
Suppose 0 = -9*d + 2*d + 63. Suppose -x - 267 = 2*x. Let o be (-7)/(-35) - x/5. Calculate the greatest common divisor of d and o.
9
Let s be 5 - (3 + 4/(-4)). Suppose -2 + 0 = -g. Suppose g*l + 36 = 4*o - l, 16 = s*o - 5*l. What is the greatest common divisor of 4 and o?
4
Suppose -5*z + 269 = -56. Suppose 2*v = 7*s - 2*s + 111, 2*v = 4*s + 110. Suppose 7*g - v = 38. Calculate the highest common factor of g and z.
13
Suppose 14*r - 2449 - 1583 = 0. Calculate the highest common factor of r and 108.
36
Suppose 4*z - 4 = 0, 0 = -2*v - 14*z + 17*z + 287. What is the highest common factor of v and 174?
29
Let r(b) = -68*b**3 - b**2. Let y be r(1). Let u = y - -82. Calculate the highest common factor of u and 13.
13
Let p = -6 - -18. Let o = 227 - 223. Suppose -o*l + p*l = 8. What is the greatest common divisor of 1 and l?
1
Let z be ((-36)/(-15) - 2)/(36/360). What is the highest common factor of z and 10?
2
Let p be (-3)/((-16)/(-84) - (-2)/(-6)). Let u be 32 - 7/(p/(-9)). Suppose 2*f + f - 735 = 0. What is the greatest common divisor of u and f?
35
Suppose -2*q = -4*q + 2*b + 12, 4*b + 14 = -q. Suppose -4*o - q*k + 32 = 2*k, 3*o - 18 = -k. What is the highest common divisor of 55 and o?
5
Suppose 12*u - 556 = -88. Suppose 3*y + 3*o = 1293, -2*y - 439 = -3*y - 5*o. Calculate the greatest common factor of u and y.
39
Let r(v) = v + 23. Let y be r(-9). Let o be 343/(-11) - (-4)/22. Let i = 73 + o. Calculate the greatest common factor of i and y.
14
Suppose 2*u + 8*p - 4300 = 4*p, -3*u = -2*p - 6450. What is the highest common factor of 50 and u?
50
Suppose 3*j - 6 = 6*j. Let c = j - -17. Suppose 75 = 34*q - 29*q. Calculate the greatest common divisor of q and c.
15
Let t = -2007 - -5014. Calculate the greatest common factor of t and 97.
97
Suppose 0 = i - 16 + 29. Let c = 24 + -2. Let q = i + c. Calculate the highest common divisor of q and 99.
9
Let q(u) = 14*u + 52. Let s be q(14). What is the highest common factor of s and 8?
8
Let w = 153 + -151. Let j be (-15)/5*-14 - w. What is the greatest common factor of 40 and j?
40
Suppose -5*l + 3*d + 0*d = -131, -2*d - 50 = -2*l. Let f be (-12560)/(-56) - (-4)/(-14). What is the highest common divisor of f and l?
28
Suppose -5*a + 4*i + 2 = -3*a, -2*i = -4*a + 22. What is the greatest common factor of 210 and a?
7
Let l(c) = -3*c**3 - 3*c**2 - 15*c - 28. Let s be l(-2). What is the greatest common divisor of 252 and s?
14
Let y(x) = -111*x - 293. Let a be y(-3). Calculate the highest common divisor of a and 16.
8
Let q(g) = -g**3 + 19*g**2 - 16*g - 38. Let u be q(18). Let r be (-91)/u - 2/(8/2). What is the highest common divisor of r and 5?
5
Suppose -2*n + 3*n - 61 = -3*z, 5*z = -2*n + 102. Suppose 4*u - 8 = z. What is the highest common divisor of 35 and u?
7
Let u be (-4 - -19) + -3 + 3. Let j be (-100)/u*(-81)/6. Calculate the highest common divisor of 18 and j.
18
Suppose 0 = 37*y + 79*y - 43848. Calculate the greatest common divisor of y and 42.
42
Let q be (2 - 25)*(-2)/(6/9). Let j = q + -34. Calculate the greatest common divisor of j and 35.
35
Suppose 0 = 4*o + d + 25 + 18, 0 = o + d + 13. Let n be 4/o + 457/5. Let f be (-2)/(-4)*(-52)/(-2). What is the greatest common divisor of n and f?
13
Let x(v) = -v**2 - 28*v - 183. Let k be x(-17). Suppose -5*j + 16 = -3*j. Let b = j - 4. Calculate the highest common divisor of k and b.
4
Let a(l) = -4*l - 17. Suppose 3*k + 8 = -34. Let t be a(k). Suppose 0 = -2*i + t + 61. What is the highest common divisor of 10 and i?
10
Suppose -3*b - 7*t = -9*t - 54, -t = -3. What is the greatest common factor of 120 and b?
20
Let d be (-4 + 5)*(3 + 18 - 5). Calculate the highest common factor of 40 and d.
8
Let y = -115 + 124. Suppose y*s + 55 = 343. What is the greatest common divisor of s and 64?
32
Suppose 44*w - 5*p = 40*w + 29, 32 = 4*w - 4*p. Calculate the greatest common factor of 11 and w.
11
Let i = -20 - -28. Let u be (i + 2 + -3)/1. Let w(j) = -j**3 - 5*j**2 - j + 2. Let a be w(-5). Calculate the highest common divisor of a and u.
7
Let n = 118 + -115. Suppose 3*z = -n*f + 150, 3*f + f - 184 = 4*z. Calculate the greatest common factor of 12 and f.
12
Let x(v) = -2*v - 8. Suppose -u = -0*u + 17. Let j be x(u). Let a = -32 + 71. What is the highest common divisor of j and a?
13
Let p = -25 - -27. Let d(m) = 5*m**3 + m**2 - m + 3. Let w be d(p). Let a(b) = 8*b**2 + 2*b - 1. Let i be a(1). What is the highest common factor of i and w?
9
Let w(x) = 2*x + 6*x**2 - 5*x**3 + 6 + x**3 + 0*x**3 + 3*x**3. Let b be w(6). Calculate the greatest common factor of b and 162.
18
Suppose -5*y + 0*y + 10 = 0. Let b be (-12)/y*(-1)/(-1). Let g = b + 20. Calculate the highest common factor of g and 126.
14
Suppose 4*b = 3*p + 45, 2*p - 36 = -2*b - 10. Let x be b/(-8)*(-84)/9. Let z = -14 + 56. Calculate the greatest common divisor of x and z.
14
Let h be 171/126*7 + (-2)/(-4). Calculate the highest common divisor of h and 10.
10
Let w(i) = 2*i**2 + 4. Let a be w(-3). Suppose -24 = 3*g - 138. Let j = 50 + g. Calculate the greatest common divisor of a and j.
22
Suppose 557 = o - 163. Calculate the highest common divisor of 45 and o.
45
Suppose 9*w = 14*w + 5*b - 540, -2*w + 3*b + 236 = 0. Calculate the greatest common factor of w and 28.
28
Suppose -5*v - 5 = -0*v, 4*v - 23 = -3*g. Calculate the greatest common divisor of 603 and g.
9
Suppose s + 60 = 5*y, -2*y + 5*s + 48 = 2*y. Let h = -4987 + 4995. What is the highest common factor of y and h?
4
Let b(u) = u + 13. Let d be b(9). Let f be 42/(-15)*(d - 2). Let x be (-3)/(12/f - 0). What is the greatest common factor of x and 2?
2
Suppose -4*v - 16 - 8 = 0. Let h be (-62)/v + (-6)/(-9). Calculate the highest common factor of 55 and h.
11
Let r(y) = 9*y + 69. Let j be r(-6). What is the highest common divisor of j and 285?
15
Let b be ((-30)/9)/(1/(-18)). Let l be 0 - (-3 - 12)/5. Suppose -4*d + 25 = l*p, -15 = -d - 0*d + p. Calculate the highest common factor of b and d.
10
Suppose -3*v + 2*g = -95, 3*g + 178 = 4*v + 50. What is the greatest common factor of v and 1073?
29
Let h(v) = -27*v + 9. Let z be h(-5). Suppose -5*k + g - 233 = -3*g, z = -3*k + g. Let b be (k/21)/(1/(-33)). Calculate the greatest common factor of 11 and b.
11
Let d(s) = -12*s - 13. Suppose -15 - 37 = -4*u. Suppose 3*g - u = 4*g. Let l be d(g). Calculate the highest common factor of 13 and l.
13
Let h = 1017 - 954. What is the highest common divisor of 693 and h?
63
Suppose 8*d = 5*d + 18. Let x(l) be the second derivative of l**4/4 - l**3/6 - 2*l**2 + 6*l. Let z be x(d). What is the highest common factor of z and 14?
14
Let m be 150 - (291/57 - 20/190). What is the greatest common divisor of m and 203?
29
Let b be ((-6)/15)/(4/(-860)). Let x = -72 + b. Let g = 42 + -21. Calculate the highest common divisor of g and x.
7
Let p(f) = -19*f + 264. Let s be p(12). What is the highest common divisor of s and 96?
12
Suppose -m + 0 = -2. Let t be (-33)/(-12) - m/(-8). Let g(z) = -z**3 + 6*z**2 + 8*z - 5. Let o be g(7). What is the greatest common factor of o and t?
1
Suppose 0 = -a - 3*g + 23 - 7, -4*g - 16 = 0. Let z be 4 - (4/(-1) + 4). Suppose -a - 32 = -z*b. Calculate the greatest common factor of b and 75.
15
Suppose -223 = -5*k + 217. Suppose -2*o = 5*d - 304, 0 = -2*o + 27*d - 25*d + 248. What is the greatest common factor of k and o?
44
Let l(a) = -14*a - 15. Let p = 25 - 37. Let c be l(p). Calculate the greatest common factor of 17 and c.
17
Let b = 18 -